and o.
4
Let n be -10 + 6 - 6*-1. Let g(i) = i**2 + 4*i - 4. Let t be g(n). Calculate the greatest common factor of 20 and t.
4
Suppose -4*j = 3*j - 70. Suppose -17 = -j*q + 9*q. Let v be 1494/8 - 1/(-4). Calculate the greatest common divisor of q and v.
17
Let c(v) = -v**2 + 16*v + 136. Let b be c(-6). Calculate the highest common divisor of 38 and b.
2
Let n be (-100)/12 + (-6)/9. Let v = 28 + n. What is the highest common divisor of 171 and v?
19
Let q be ((-8)/(-32))/(2/136). Let p be q - ((-4 - -6) + -2). What is the highest common factor of p and 17?
17
Let h = 49 + 31. Suppose 17*r - h = 12*r. Suppose 4*i - 2*a - 22 = 0, 0 = -i - 2*a + a + 13. Calculate the highest common divisor of r and i.
8
Let z(f) = 3*f**2 + 6*f + 1. Let w be z(-4). Let i be w + 2*2/4. Calculate the highest common factor of 65 and i.
13
Let d(t) be the second derivative of t**3/6 - 5*t**2/2 - 4*t. Let h be d(7). Calculate the highest common factor of h and 3.
1
Let d = 238 + -134. Let f = d + -74. Let q = -12 + 22. Calculate the greatest common factor of q and f.
10
Let s = 548 - -8. Calculate the greatest common factor of s and 4.
4
Suppose -19*s - 5*s = -600. Calculate the highest common factor of 25 and s.
25
Let q be ((-1 - -4)/((-1)/2))/(-2). Let k(i) = -i**2 - 4*i - 1. Let d = 3 + -6. Let c be k(d). What is the highest common factor of c and q?
1
Suppose 16 = -2*d + 66. Let i(o) = -14*o - 3. Let a be i(-2). Calculate the greatest common divisor of d and a.
25
Suppose 0 = 2*w + 10 - 26. What is the greatest common divisor of w and 104?
8
Let o = 135 - -93. Calculate the highest common factor of o and 266.
38
Let u = 64 + 20. Suppose 6*z = 2*z + u. Suppose 4*m = 3*m + 21. What is the highest common divisor of m and z?
21
Suppose o + 5 = -0*o. Let j = -42 - -16. Let g = o - j. What is the greatest common divisor of 63 and g?
21
Suppose -4*z + 14 = -30. Suppose 0 = -6*v + 6. Calculate the highest common factor of z and v.
1
Suppose 26*s = 25*s + 1. Let g = 2 - 0. Suppose -w + g*h - h = -3, 13 = 5*w - 4*h. Calculate the highest common factor of s and w.
1
Let n be 8/((2 + -1)*1). Let o = -8 + -20. Let a be 3/(-2 + o/(-8)). Calculate the greatest common divisor of n and a.
2
Let n be 20/6*6/4. Suppose 27 = 4*w + 7. Suppose w = -4*l + 13. What is the greatest common divisor of l and n?
1
Let i(k) = 2*k**3 - 10*k**2 - 24*k + 4. Let d be i(10). Suppose 0 = 11*f - d - 127. What is the greatest common factor of 54 and f?
27
Let q be (-425)/(-918)*45 + 1/6. Let k(c) = -c + 21. Let r be k(0). What is the greatest common factor of r and q?
21
Suppose 0*y - 30 = 5*y. Suppose a - 4*a - 36 = 0. Let j = y - a. Calculate the highest common divisor of 48 and j.
6
Let v = 8 - 15. Let f(x) = -x**2 - 7*x + 4. Let w be f(v). Suppose 3*p = -9, w*p + 8 = -4*m + 220. What is the highest common factor of 8 and m?
8
Suppose a = -3*r + 1, a - r = -0*r + 1. Let g be a/(-3)*(-1 - 20). Calculate the greatest common factor of g and 21.
7
Let t be (9/(-2))/(5/(-30)). Let o = -716 + 1202. Let x be ((-2)/2)/((-2)/o). What is the greatest common factor of x and t?
27
Let p = -7 + 12. Suppose 5*u + 9 = 3*f + 3, -5*u = 3*f - 6. Suppose 4*x = -s - 4*s + 91, f*x - p*s - 23 = 0. What is the greatest common factor of x and 19?
19
Suppose 3*b + 0*b = 18. Suppose -j - 2*a + 48 = -b*a, -a - 36 = -j. Calculate the greatest common factor of 4 and j.
4
Let k = -1 - 8. Let p be 2/(-3) - 150/k. Let n = p + 14. Calculate the highest common factor of n and 45.
15
Let s be (-144)/42*(4 + -18). What is the greatest common factor of s and 48?
48
Let o be 3/6*(18 - -42). Calculate the greatest common factor of 6 and o.
6
Let d(j) = 350*j + 1. Let h be d(-1). Let a = 792 + h. Suppose 4*i + 4*w = 356, -2*i - 3*w + a = 3*i. What is the greatest common divisor of 8 and i?
8
Suppose f = k - 126, 95*k - 97*k - 3*f = -247. What is the highest common divisor of 200 and k?
25
Let s = -17 - -24. Suppose x - 6 = -y, y - s = -4. What is the greatest common factor of 12 and x?
3
Let j = -106 - -101. Let k be 2/j - (-246)/15. What is the highest common divisor of k and 128?
16
Suppose 70*b - 73*b = -150. What is the greatest common divisor of b and 325?
25
Let o be 4 + (1 - -3)*3/(-4). Let t be (-1)/(o/(-6)) - -4. Calculate the highest common divisor of 8 and t.
2
Let v(m) = -m**2 - 11*m + 32. Let a be v(-11). Calculate the greatest common factor of a and 128.
32
Suppose 0 = -2*u - 3*q - 6, -2*q + 5*q = -3*u - 6. Suppose -2*w - w + 228 = u. Calculate the highest common factor of 19 and w.
19
Suppose -2*l - 2*j + 112 = 0, -5*j - 208 = -4*l - j. Calculate the greatest common divisor of 3 and l.
3
Let z(o) = -2*o**2 - 28*o - 38. Let i be z(-10). Calculate the greatest common divisor of i and 189.
21
Let a = -165 + 79. Let r be 4/(-4) - 2*a. Let f be (0 + r/3)/1. What is the greatest common divisor of f and 38?
19
Let i(l) = l**3 - 7*l**2 + 5*l - 1. Let a be i(6). Let f = a - -3. Let y be 11/((-3)/144*f). What is the greatest common divisor of 12 and y?
12
Let q = 25 + -25. Suppose 5*a - 4*p + q*p = 500, -p = 4*a - 379. Calculate the highest common factor of a and 24.
24
Let d(x) = x**2 + 27*x + 19. Let u be d(-27). Calculate the greatest common factor of 209 and u.
19
Let k be (-66)/14 - -7 - 4/14. Let u be (-4)/k + ((-104)/(-4) - -3). What is the highest common divisor of u and 6?
3
Let l be 0 - (-4 - -1)*14. Let y = -85 + 43. Let n = -21 - y. Calculate the greatest common divisor of l and n.
21
Let m = 5 + 2. Let d(g) = 74*g - 3644. Let p be d(50). What is the greatest common divisor of m and p?
7
Let m(o) be the first derivative of -o**4/4 - 10*o**3/3 - 11*o**2/2 + 9*o - 15. Let c be m(-12). Calculate the greatest common factor of c and 39.
39
Let v(u) = -u**2 - 20*u - 60. Let r be v(-16). What is the highest common factor of r and 68?
4
Let s(l) = 5*l + 5. Let g(i) = i**3 - 7*i**2 - i + 9. Let k be g(7). Let j be s(k). Let n be (j/10)/(2/12). Calculate the greatest common divisor of 1 and n.
1
Suppose i + 4*i = -l + 335, -1033 = -3*l - i. Calculate the greatest common divisor of 15 and l.
15
Let k be 12/36 + (-143)/(-3). Calculate the highest common divisor of 24 and k.
24
Let t = 2166 + -1896. Calculate the highest common divisor of t and 360.
90
Suppose 5*f - 18 = -4*f. Suppose -5*l = -2*d + 205, 3*d - f*l - 7 = 273. Calculate the greatest common factor of 18 and d.
18
Let a(u) = u**3 - 11*u**2 - 13*u + 14. Suppose 3 = -3*x + 39. Let s be a(x). Let b be (-8)/6*(-63)/s. Calculate the highest common factor of b and 105.
21
Let i = -33 + 56. Suppose s - 2*f = 261, 0 = -2*s + 3*s + f - 249. What is the greatest common factor of i and s?
23
Suppose -4*s = 4*h + s - 333, -2*h + 144 = -2*s. Let i(n) = n**3 - 9*n**2 + 10*n + 17. Let b be i(8). What is the highest common divisor of b and h?
11
Suppose -2*s = 4*x - 14, -5*s + x - 2*x = -35. What is the highest common divisor of 287 and s?
7
Let m(d) be the first derivative of d**4/4 - 3*d**3 + 16*d + 6. Let g be m(9). What is the highest common factor of 8 and g?
8
Let z = -1345 + 1367. Let o(d) = -80*d + 2. Let y be o(-3). Calculate the greatest common factor of z and y.
22
Suppose 4*s + 44 - 152 = -5*c, -2*c + 4*s = -32. Suppose 85 = -5*z - 285. Let f = -66 - z. Calculate the highest common factor of f and c.
4
Let f be (-340)/(-8)*2/1. Let t = -1 + f. Suppose 3*w + 2*p = 35 + 9, 0 = -2*w - 2*p + 32. What is the greatest common divisor of w and t?
12
Let i(o) = 4*o - 20. Let y be i(7). Suppose 4*q - 3*n - y = 0, 0 = 3*q + 2*n - 1 - 22. Calculate the highest common divisor of 35 and q.
5
Let z be (-129)/(-9) - 3/9. Suppose 5*b = q + 38 - 17, -2*b + z = q. What is the highest common divisor of b and 15?
5
Let r(x) = -x**3 - 5*x**2 + 6*x + 2. Let q be 0 - (6 - 4)*3. Let c be r(q). What is the greatest common divisor of 4 and c?
2
Let s = 198 + -138. What is the greatest common factor of s and 48?
12
Suppose 0 = -5*j + h + 1324, j - 260 = h + 4*h. What is the highest common divisor of j and 53?
53
Suppose -99*t = -110*t + 3267. Suppose 5*d + 2*z = -2*z - 13, -19 = 5*d + 2*z. Let q be (t/12)/(d/(-20)). What is the highest common factor of 11 and q?
11
Let q(y) = -7*y - 36. Let h be q(-6). Let t(u) = u**3 - 6*u**2 + 8*u - 13. Let x be t(h). Suppose 2*d = 6 + 8. Calculate the highest co